ed by 25.
24
What is the remainder when 245085 is divided by 7207?
47
Calculate the remainder when 138098 is divided by 68989.
120
What is the remainder when 8226 is divided by 284?
274
What is the remainder when 2238 is divided by 361?
72
What is the remainder when 4387 is divided by 143?
97
Calculate the remainder when 140 is divided by 118.
22
Calculate the remainder when 31205 is divided by 174.
59
Calculate the remainder when 5066 is divided by 37.
34
What is the remainder when 5071 is divided by 2319?
433
Calculate the remainder when 3157289 is divided by 18.
17
Calculate the remainder when 643 is divided by 311.
21
What is the remainder when 14233 is divided by 11?
10
Calculate the remainder when 8471 is divided by 1341.
425
What is the remainder when 4617 is divided by 330?
327
What is the remainder when 129906 is divided by 42?
0
What is the remainder when 20646 is divided by 94?
60
What is the remainder when 55404 is divided by 2308?
12
What is the remainder when 19608 is divided by 6?
0
Calculate the remainder when 7402 is divided by 373.
315
What is the remainder when 11461 is divided by 5669?
123
What is the remainder when 19847 is divided by 19507?
340
Calculate the remainder when 24015 is divided by 11908.
199
What is the remainder when 4430 is divided by 26?
10
Calculate the remainder when 5539 is divided by 2762.
15
What is the remainder when 5315 is divided by 30?
5
What is the remainder when 578 is divided by 521?
57
What is the remainder when 2253 is divided by 89?
28
Calculate the remainder when 459309 is divided by 23.
22
Calculate the remainder when 54894 is divided by 7841.
7
What is the remainder when 441057 is divided by 10?
7
What is the remainder when 7480 is divided by 135?
55
Calculate the remainder when 31206 is divided by 18.
12
Calculate the remainder when 13748370 is divided by 191.
190
Calculate the remainder when 44138 is divided by 4412.
18
Calculate the remainder when 6442993 is divided by 555.
553
What is the remainder when 148338 is divided by 838?
12
What is the remainder when 316846 is divided by 16?
14
Calculate the remainder when 8702 is divided by 1071.
134
What is the remainder when 6023 is divided by 195?
173
Calculate the remainder when 69197 is divided by 188.
13
What is the remainder when 76295 is divided by 139?
123
Calculate the remainder when 317888 is divided by 609.
599
What is the remainder when 3510 is divided by 351?
0
What is the remainder when 746761 is divided by 92?
89
What is the remainder when 908857 is divided by 62?
61
What is the remainder when 5368 is divided by 134?
8
What is the remainder when 719663 is divided by 376?
375
What is the remainder when 997575 is divided by 18?
15
Calculate the remainder when 148051 is divided by 158.
5
What is the remainder when 5031 is divided by 336?
327
What is the remainder when 128089 is divided by 16?
9
What is the remainder when 321955 is divided by 237?
109
What is the remainder when 52647 is divided by 428?
3
What is the remainder when 5216 is divided by 14?
8
What is the remainder when 235950 is divided by 28?
22
What is the remainder when 2359 is divided by 66?
49
Calculate the remainder when 16505 is divided by 131.
130
Calculate the remainder when 142269 is divided by 17.
13
Calculate the remainder when 86729 is divided by 149.
11
Calculate the remainder when 1723 is divided by 75.
73
Calculate the remainder when 3040866 is divided by 33.
15
What is the remainder when 47130 is divided by 518?
510
What is the remainder when 7293832 is divided by 1034?
1030
What is the remainder when 27869 is divided by 216?
5
Calculate the remainder when 51033 is divided by 2319.
15
Calculate the remainder when 111951 is divided by 14.
7
Calculate the remainder when 18690 is divided by 18671.
19
What is the remainder when 3580 is divided by 772?
492
Calculate the remainder when 27835 is divided by 29.
24
What is the remainder when 9846 is divided by 74?
4
What is the remainder when 16182 is divided by 8072?
38
What is the remainder when 1103 is divided by 325?
128
Calculate the remainder when 308 is divided by 128.
52
What is the remainder when 49137 is divided by 234?
231
Calculate the remainder when 4014 is divided by 2006.
2
What is the remainder when 1790207 is divided by 447550?
7
What is the remainder when 4525 is divided by 203?
59
What is the remainder when 8443 is divided by 187?
28
Calculate the remainder when 29551 is divided by 9847.
10
Calculate the remainder when 632 is divided by 58.
52
Calculate the remainder when 133505 is divided by 215.
205
Calculate the remainder when 7028 is divided by 638.
10
What is the remainder when 64873 is divided by 173?
171
What is the remainder when 7927 is divided by 718?
29
What is the remainder when 7494 is divided by 2117?
1143
Calculate the remainder when 12031 is divided by 11250.
781
What is the remainder when 162675 is divided by 561?
546
Calculate the remainder when 28062 is divided by 1870.
12
What is the remainder when 32000 is divided by 7993?
28
Calculate the remainder when 3721 is divided by 228.
73
What is the remainder when 107534 is divided by 575?
9
What is the remainder when 690 is divided by 647?
43
Calculate the remainder when 10263 is divided by 17.
12
What is the remainder when 4151 is divided by 209?
180
What is the remainder when 9946 is divided by 174?
28
Calculate the remainder when 57310 is divided by 18.
16
Calculate the remainder when 399586 is divided by 306.
256
What is the remainder when 50065 is divided by 327?
34
What is the remainder when 7646 is divided by 510?
506
What is the remainder when 41144 is divided by 254?
250
What is the remainder when 74519 is divided by 120?
119
Calculate the remainder when 293 is divided by 197.
96
Calculate the remainder when 24977 is divided by 447.
392
Calculate the remainder when 307379 is divided by 4520.
19
Calculate the remainder when 4829 is divided by 15.
14
What is the remainder when 131423 is divided by 7300?
23
Calculate the remainder when 5047 is divided by 158.
149
What is the remainder when 742683 is divided by 33?
18
What is the remainder when 50718 is divided by 540?
498
What is the remainder when 1858 is divided by 1324?
534
Calculate the remainder when 20517 is divided by 6833.
18
What is the remainder when 7174 is divided by 190?
144
What is the remainder when 33368 is divided by 2100?
1868
What is the remainder when 3296 is divided by 333?
299
Calculate the remainder when 1153059 is divided by 91.
89
What is the remainder when 645 is divided by 499?
146
What is the remainder when 23042 is divided by 1434?
98
Calculate the remainder when 8678 is divided by 73.
64
Calculate the remainder when 5770 is divided by 37.
35
What is the remainder when 12521 is divided by 3947?
680
Calculate the remainder when 4590 is divided by 71.
46
What is the remainder when 28651 is divided by 55?
51
Calculate the remainder when 110669 is divided by 42.
41
What is the remainder when 14518 is divided by 131?
108
What is the remainder when 188600 is divided by 56?
48
Calculate the remainder when 1324439 is divided by 120.
119
What is the remainder when 50539 is divided by 532?
531
Calculate the remainder when 222104 is divided by 31727.
15
Calculate the remainder when 3364882 is divided by 6.
4
Calculate the remainder when 65469 is divided by 132.
129
What is the remainder when 5225 is divided by 1021?
120
What is the remainder when 400570 is divided by 704?
698
Calculate the remainder when 4680 is divided by 31.
30
Calculate the remainder when 10607 is divided by 136.
135
Calculate the remainder when 25214 is divided by 12586.
42
What is the remainder when 4583 is divided by 271?
247
Calculate the remainder when 37334 is divided by 131.
130
Calculate the remainder when 57581 is divided by 15.
11
What is the remainder when 8505 is divided by 936?
81
Calculate the remainder when 4310 is divided by 764.
490
Calculate the remainder when 40601 is divided by 67.
66
What is the remainder when 128979 is divided by 150?
129
What is the remainder when 443662 is divided by 221831?
0
Calculate the remainder when 1437 is divided by 792.
645
Calculate the remainder when 15696 is divided by 94.
92
Calculate the remainder when 4567 is divided by 138